-2850)/(-258)). Determine q(k).
-6
Let y(n) = -n. Let b be y(-3). Let j(c) = 2*c**2 - 2*c + 4. Calculate j(b).
16
Let v(h) = 17*h + 21. Let b(p) = -2*p + 2. Let j(w) = -20*w - 39. Let u(y) = 3*b(y) + j(y). Let x(n) = -5*u(n) - 8*v(n). Give x(-7).
39
Let j(c) = 5*c**2 + c + 1. Suppose 0 = 387*v - 389*v + 6. Suppose -v*w - 344 = -341. Calculate j(w).
5
Let h = 209 + -139. Suppose -29*j + h = -39*j. Let w(i) = 3*i - 10. Calculate w(j).
-31
Suppose 40*w - 440 = -34*w + 30*w. Let m(x) = 12*x - 113. What is m(w)?
7
Let p be ((-15)/12)/(55/(-264)). Suppose r = 4*b + p, 33 = -7*r + 3*r - 3*b. Let v(g) = g - 2. What is v(r)?
-8
Let o(a) be the third derivative of 224*a**2 - 1/8*a**4 + 0*a + 0 + 0*a**3. Determine o(1).
-3
Let u(j) = -13*j**2. Let q(t) = -32*t**2 - t - 1. Let v(f) = 2*q(f) - 5*u(f). Calculate v(-3).
13
Suppose -191 = -6*s + 271. Let k = s + -75. Let a(d) = 0*d**k - d**3 + 5*d + 10*d**2 - 6*d**2 + 4. What is a(5)?
4
Suppose -102 + 642 = 270*y. Let z(n) be the second derivative of 1/2*n**3 - 7*n + 0 - 3/2*n**y + 1/12*n**4. Determine z(-4).
1
Suppose m - 12*r = -16*r + 66, -m = 3*r - 66. Let b = -57 + m. Let p(z) = 12 + 0*z**2 + 2*z + z**2 - b. Determine p(-6).
27
Let k(n) be the first derivative of -n**4/4 - 2*n**3/3 - n**2 - 4*n - 65. Calculate k(-2).
0
Let g(t) be the third derivative of t**5/60 - t**3/2 + 25*t**2. Let q = -73 + 76. Give g(q).
6
Let a = 63 + -57. Let g(d) = -6*d**2 - d**3 - 8*d**2 + 21*d**2 + a - 4*d. Calculate g(6).
18
Let f = -271 - -366. Suppose -36 = -f*x + 89*x. Let o(a) = 20*a - 14. Let j(l) = 7*l - 5. Let d(b) = -14*j(b) + 5*o(b). Determine d(x).
12
Let r(a) = -a - 8. Suppose 3*l - 3*n = 96, 14*l = 9*l + 3*n + 156. Suppose 2*m = -y + l, -3*m - 6 = -y - 1. Let q be ((-1)/2)/(2/y). Calculate r(q).
-3
Let j(o) = -20*o - 1. Let m(z) = -z**3 - 6*z**2 + 2*z + 13. Let b = -13 - 54. Let q = b - -61. Let r be m(q). Calculate j(r).
-21
Let i(h) = -28*h - 537. Let b(d) = -140*d - 2700. Let v(p) = 4*b(p) - 21*i(p). What is v(-17)?
1
Let n be 68/(1 + 9/3). Let f(y) be the second derivative of 0 - n*y - 9/2*y**2 - 1/6*y**3. What is f(7)?
-16
Let p(s) = -4 + 4 - 3*s - 5 - 3. Calculate p(-9).
19
Let y(t) = 2*t**3 + 10*t - 33 + 3*t**3 + 7*t**2 + 31 + 6*t. Let a(s) = -6*s**3 - 9*s**2 - 18*s + 2. Let p(j) = -6*a(j) - 7*y(j). Calculate p(-6).
-10
Let z(x) = 15*x**3 + 19*x**2 - 7*x + 30. Let i(h) = -23*h**3 - 30*h**2 + 11*h - 46. Let u(d) = -5*i(d) - 8*z(d). What is u(-3)?
104
Let s = -5718 + 5712. Let f(l) = 2*l**3 - l**2 + 9*l - 4. Let d(t) = 3*t**3 - 3*t**2 + 17*t - 8. Let z(v) = -3*d(v) + 5*f(v). What is z(s)?
-32
Suppose d = -c + 3*d + 6, -3*c + d + 8 = 0. Suppose c*g + 24 = 10*g. Let n(y) = -2*y**2 + 5*y**2 + 7*y + 0 + 6 + y**g + 3*y**2. Calculate n(-5).
-4
Let d be (-2)/(-17) - (-17686)/(-629). Let n = 34 + d. Let i(r) = 4*r - 18. Calculate i(n).
6
Let z = 841593 - 841590. Let v(o) be the second derivative of -o**4/12 + o**3/3 + 5*o**2/2 - o. Determine v(z).
2
Let v(n) = 3*n**2 - 16*n - 19. Let m(o) = 2*o**2 - 8*o - 10. Suppose 373*c + 12 = 377*c. Let h(w) = c*v(w) - 5*m(w). Determine h(-6).
5
Let a(l) = -l**2 + 2*l - 5*l - 5 + l**3 - 4*l**2 + 13*l. Suppose 8 = -9*i + 11*i - 3*s, -5*i + 20 = -3*s. Give a(i).
19
Let f(g) = -17*g + 94. Let a be f(-9). Let w = 259 - a. Let i(c) = -c**2 + 13*c - 9. What is i(w)?
3
Let v be -1*369/41*(-2)/(-6). Let j(r) = -r**2 - 26*r - 62. Calculate j(v).
7
Suppose -59 = 13*y - 59. Let s(t) = 4*t - 14. What is s(y)?
-14
Let k(h) = h**2 - 9*h - 31. Let a be k(12). Suppose -a*f - 84 = -39. Let l(u) = -u**2 - 9*u + 1. What is l(f)?
1
Let r(k) be the third derivative of -1/120*k**6 + 0*k + 0 - 1/12*k**4 - 85*k**2 + 1/20*k**5 - 1/3*k**3. Calculate r(2).
-2
Let n be 2*(-5)/10*-9. Let f(u) = u**2 + n - 58*u - 50*u + 107*u. Let y(a) = -a - 5. Let v be y(-5). Determine f(v).
9
Let m(h) = -2*h**2 - 4*h**2 + 7*h + 94 - h**3 - 90. Let j be m(-7). Let d(g) = -4*g + 3 + 7*g - j*g. Determine d(0).
3
Let r(g) = g**2 + g - 4. Suppose -w + 4*f = -498 + 451, 3*w - 24 = -f. Give r(w).
128
Let h(q) = 61*q**3 - 4*q + 1. Let y(b) = -62*b**3 + 5*b - 1. Let j(z) = -4*h(z) - 3*y(z). What is j(1)?
-58
Let c be 2/(-6)*(-105)/(3 - -4). Suppose -67 + 197 = c*w. Let g(z) = 4*z - 44 + w - 5*z + 22. What is g(11)?
-7
Let j(b) = b**3 + 4*b**2 + 4*b + 2. Let u(c) be the second derivative of -c**3/6 + 6*c**2 - 135*c. Let q be u(15). Determine j(q).
-1
Suppose -2*w - 2 + 0 = 0. Let g(d) = -13*d**2 - 268*d - 21. Let i(s) = 20*s**2 + 429*s + 34. Let o(p) = 8*g(p) + 5*i(p). Give o(w).
-3
Suppose 0 = 4*d - 4*q - 712, 2*d - 187 = 4*q + 165. Suppose 33*w = -3*w - d. Let s(c) = c**3 + 5*c**2 - c - 5. Give s(w).
0
Let m(z) = -z**3 + 5*z**2 - 9*z - 15. Let j(y) = y**3 + y**2 + 2. Let f be -3*(-3 - -4) - (6 + -8). Let u(w) = f*m(w) - 2*j(w). Determine u(-8).
3
Let c(v) = 62*v + 2*v**2 + 4 - v**3 - 68*v - 9*v**2. What is c(-6)?
4
Let g = 12364 + -12361. Let y(h) be the third derivative of 1/12*h**5 + 0*h + 1/2*h**g - 29*h**2 - 1/12*h**4 + 0 + 1/120*h**6. Calculate y(-5).
13
Let w(y) = 2*y - 20. Suppose c = 4*g - 45, 5*g + 3*c - 30 = 2*g. Let q be w(g). Let u(z) = z**q - 8*z + 14*z - 4 - 1. Give u(-6).
-5
Suppose 0 = 4*q + 24, 5*d - 195*q + 10 = -190*q. Let k(m) be the second derivative of m**5/20 + m**4/2 - 5*m**3/2 + m**2 + 4*m. Calculate k(d).
-6
Let y(u) = -u**3 + 14*u**2 + 30*u + 32. Let p(s) = s**2 - 55*s + 310. Let z be p(49). Calculate y(z).
0
Let k(g) = g**3 - 6*g**2 - 4*g - 3. Let t(v) = -v**2 + 46*v - 498. Let o be t(18). Calculate k(o).
-27
Let u(d) = -8*d - 1. Suppose 26*z + 43 + 162 - 49 = 0. Give u(z).
47
Let q(f) = -f**3 - 6*f**2 - 5*f + 1. Let z be 34/(-374) - (-442)/22. Let o be (-4)/12*(-93 - 0). Suppose 35*x + z = o*x. What is q(x)?
1
Let h be 25 + 5 + (-4)/2. Let y be (-8)/h + (-24)/14. Let b(c) = -6*c**2 + 5*c**2 - 2 - 3*c - 1 + 3*c**2. What is b(y)?
11
Let v = 93 + -93. Let q(m) = 18 + v*m + 22 - 3 + m + 5. What is q(0)?
42
Let f = 28 - -3. Let y = f - 24. Suppose y*r = -2*j + 2*r + 10, -3 = -j - 2*r. Let i(l) = -l**3 - 6*l**2 - 4*l + 5. Calculate i(j).
0
Let g(f) be the third derivative of f**6/120 - 7*f**5/60 + 5*f**4/12 - 9*f**3/2 + 22*f**2 - 2*f. Determine g(6).
-3
Let r(m) = -m**3 - m**2 + m - 5. Let l(p) = p**2 + 23*p - 50. Suppose 0 = -3*t - 2*q - 65, -t - 32 = -3*q + 8. Let n be l(t). Calculate r(n).
-5
Let b(n) = -214*n**2 + n - 4. Let z(f) = 343*f**2 - f + 6. Let u(i) = 8*b(i) + 5*z(i). What is u(-3)?
16
Let j(b) = 6*b + 116. Let t be j(-19). Let d(l) = 0*l - l**t - 1 - 3*l + 0*l - 4*l. Determine d(-5).
9
Let l(y) = -y**2 + y. Let j be l(3). Let t(z) = 10*z + 10. Let n(r) = -70 + 61 - 8*r + 0*r. Let c(q) = 4*n(q) + 3*t(q). Give c(j).
6
Let z(h) = 4 + 16*h**2 + 0*h - 11*h - 13*h + 4*h - 52 + h**3. Calculate z(-17).
3
Let i(c) = -c + 7. Let s(w) = -w**2 + 1. Suppose 32*y - 3 = 35*y. Let n be s(y). Determine i(n).
7
Let d(f) = f**2 + 3*f + 2. Let l = -55 - -83. Suppose l = a + 12. Suppose -2*g + 2 = -g - r, 2*g = -3*r - a. Give d(g).
0
Let s(l) be the third derivative of -5*l**4/24 - 7*l**3/3 - 1954*l**2. Give s(-13).
51
Let n = 7 + 3. Let p be n/4 + ((-26)/4)/(-13). Let y(o) = 4*o - 3. Give y(p).
9
Let k(i) = -i**3 + 27*i**2 - 26*i - 21. Let d(w) = 40*w + 586. Let v be d(-14). Determine k(v).
-21
Let p(r) = 60*r + 111. Suppose -118*b - 2*q - 8 = -114*b, 6 = -3*b - q. Calculate p(b).
-9
Let t(b) = 5*b**2 - 81*b - 141. Let v(c) = -21*c**2 + 332*c + 564. Let q(i) = 25*t(i) + 6*v(i). Determine q(-5).
-1
Let g(p) = -p**3 + 7*p**2 - 226*p + 1312. Let v be g(6). Let q(k) = k**2 + 12*k + 43. Calculate q(v).
11
Let g(q) = -2*q + 1. Let o(y) = 3*y**2 + 37*y + 26. Let z be o(-11). Let u be ((-6)/z)/((-5)/(-15)). Give g(u).
-1
Suppose 4*o - 2*b = 4, o + 5*b - 23 = -0*b. Suppose m + o*q - 7 = 0, -3*m = -2*q - 0*q + 1. Let h be ((-112)/70)/(m/(-5)). Let x(i) = -i + 11. Give x(h).
3
Let v(p) = 563*p**3 + 14*p - 564*p**3 + 2*p**2 - 11*p**2 + 39. Let d be v(-10). Let q(z) = 2*z - 1. Give q(d).
-3
Let o = -427 + 419. Let t(v) = -16*v - 3. Let u(m) = -13*m - 4. Let z(r) = -4*t(r) + 5*u(r). Give z(o).
0
Let u(a) = -4*a - 40. Suppose 27*g - 11 = 28*g + 4*p, -3*p + 33 = -3*g. Determine u(g).
4
Let d(q) = 43*q**2 + 2*q. Let w(g) = g**2 + 236*g - 1951. Let p be w(8). Give d(p).
45
Let k be (10*(-147)/175)/(4/(-10)). Let n(v) = 2*v**3 